{"id":3106,"date":"2022-06-25T07:39:24","date_gmt":"2022-06-25T07:39:24","guid":{"rendered":"http:\/\/astrolabe.band\/?page_id=3106"},"modified":"2022-06-29T17:26:35","modified_gmt":"2022-06-29T17:26:35","slug":"olga-barej-bio","status":"publish","type":"page","link":"https:\/\/astrolabe.band\/index.php\/blog\/olga-barej-bio\/","title":{"rendered":"Olga Barej &#8211; drugi wokal \u2013 ch\u00f3rki"},"content":{"rendered":"\t\t<div data-elementor-type=\"wp-page\" data-elementor-id=\"3106\" class=\"elementor elementor-3106\">\n\t\t\t\t\t\t<section class=\"elementor-section elementor-top-section elementor-element elementor-element-1de5b79e elementor-section-boxed elementor-section-height-default elementor-section-height-default\" data-id=\"1de5b79e\" data-element_type=\"section\">\n\t\t\t\t\t\t<div class=\"elementor-container elementor-column-gap-default\">\n\t\t\t\t\t<div class=\"elementor-column elementor-col-33 elementor-top-column elementor-element elementor-element-2a505478\" data-id=\"2a505478\" data-element_type=\"column\">\n\t\t\t<div class=\"elementor-widget-wrap elementor-element-populated\">\n\t\t\t\t\t\t<div class=\"elementor-element elementor-element-15b76e91 team-img elementor-widget elementor-widget-image\" data-id=\"15b76e91\" data-element_type=\"widget\" data-widget_type=\"image.default\">\n\t\t\t\t<div class=\"elementor-widget-container\">\n\t\t\t\t\t\t\t\t\t\t\t\t\t\t\t<img fetchpriority=\"high\" decoding=\"async\" width=\"356\" height=\"620\" src=\"https:\/\/astrolabe.band\/wp-content\/uploads\/2022\/06\/Olga_bio1.jpg\" class=\"attachment-full size-full wp-image-3304\" alt=\"\" srcset=\"https:\/\/astrolabe.band\/wp-content\/uploads\/2022\/06\/Olga_bio1.jpg 356w, https:\/\/astrolabe.band\/wp-content\/uploads\/2022\/06\/Olga_bio1-172x300.jpg 172w\" sizes=\"(max-width: 356px) 100vw, 356px\" \/>\t\t\t\t\t\t\t\t\t\t\t\t\t\t\t<\/div>\n\t\t\t\t<\/div>\n\t\t\t\t\t<\/div>\n\t\t<\/div>\n\t\t\t\t<div class=\"elementor-column elementor-col-33 elementor-top-column elementor-element elementor-element-56b28247\" data-id=\"56b28247\" data-element_type=\"column\">\n\t\t\t<div class=\"elementor-widget-wrap elementor-element-populated\">\n\t\t\t\t\t\t<div class=\"elementor-element elementor-element-621a227b team-desc elementor-widget elementor-widget-text-editor\" data-id=\"621a227b\" data-element_type=\"widget\" data-widget_type=\"text-editor.default\">\n\t\t\t\t<div class=\"elementor-widget-container\">\n\t\t\t\t\t\t\t\t\t<h3 class=\"team-title\"><strong>Olga Barej<\/strong><\/h3>\t\t\t\t\t\t\t\t<\/div>\n\t\t\t\t<\/div>\n\t\t\t\t<div class=\"elementor-element elementor-element-61cc63dc elementor-widget elementor-widget-text-editor\" data-id=\"61cc63dc\" data-element_type=\"widget\" data-widget_type=\"text-editor.default\">\n\t\t\t\t<div class=\"elementor-widget-container\">\n\t\t\t\t\t\t\t\t\t<p>Olga Barej &#8211; wokalistka, aktorka Telewizji Polskiej, autorka publikacji muzycznej \u201ePolskie Ko\u0142ysanki\u201d. Absolwentka Szko\u0142y Wokalnej im. Jerzego Wasowskiego na wydziale Jazz i Muzyka Estradowa. Finalistka program\u00f3w muzycznych, takich jak \u201eSzansa na Sukces\u201d, \u201eX Factor\u201d, \u201eThe Voice of Poland\u201d, zdobywczyni nagrody w konkursie &#8222;Piosenka jest Dobra na Wszystko&#8221;, laureatka konkursu piosenki \u201eStacja Kutno\u201d, laureatka Mi\u0119dzynarodowego Festiwalu Piosenki Polskiej &#8222;Malwy&#8221;.<\/p><p>Do\u015bwiadczenie sceniczne zdobywa\u0142a pod okiem Nataszy Urba\u0144skiej i Janusza J\u00f3zefowicza w Teatrze Buffo. Warsztat wokalny szkoli\u0142a pod okiem Agnieszki Kowalskiej, Ani Szarmach, Katarzyny Ro\u015bci\u0144skiej, El\u017cbiety Zapendowskiej, Krzysztofa Biernackiego (SLS), Magdy Seku\u0142y-Lemberger (Flow Phonation). Bra\u0142a udzia\u0142 <br \/>w mi\u0119dzynarodowych warsztatach mistrzowskich <br \/>z Kim Chandler (Contemporary Commercial Music), Jackie Hole (Complete Vocal Technique). W 2020 roku Olga Barej wyda\u0142a album muzyczny \u201ePolskie Ko\u0142ysanki&#8221; z polskimi ko\u0142ysankami, w ramach programu stypendialnego MKiDN &#8222;Kultura w sieci&#8221;.<\/p><p>\u00a0<\/p>\t\t\t\t\t\t\t\t<\/div>\n\t\t\t\t<\/div>\n\t\t\t\t\t<\/div>\n\t\t<\/div>\n\t\t\t\t<div class=\"elementor-column elementor-col-33 elementor-top-column elementor-element elementor-element-f7fb855\" data-id=\"f7fb855\" data-element_type=\"column\">\n\t\t\t<div class=\"elementor-widget-wrap elementor-element-populated\">\n\t\t\t\t\t\t<div class=\"elementor-element elementor-element-494adec elementor-widget elementor-widget-spacer\" data-id=\"494adec\" data-element_type=\"widget\" data-widget_type=\"spacer.default\">\n\t\t\t\t<div class=\"elementor-widget-container\">\n\t\t\t\t\t\t\t<div class=\"elementor-spacer\">\n\t\t\t<div class=\"elementor-spacer-inner\"><\/div>\n\t\t<\/div>\n\t\t\t\t\t\t<\/div>\n\t\t\t\t<\/div>\n\t\t\t\t<div class=\"elementor-element elementor-element-bafd678 elementor-widget elementor-widget-text-editor\" data-id=\"bafd678\" data-element_type=\"widget\" data-widget_type=\"text-editor.default\">\n\t\t\t\t<div class=\"elementor-widget-container\">\n\t\t\t\t\t\t\t\t\t<p>Olga Barej ma za sob\u0105 setki wyst\u0119p\u00f3w w kraju <br \/>i za granic\u0105, wyst\u0119powa\u0142a mi\u0119dzy innymi na Balu Polskim w Londynie, w Konsulacie Polskim w Lyonie, w Albertinum w Dre\u017anie, w Wiedniu i w czeskiej Pradze. Ma na swoim koncie wsp\u00f3\u0142prac\u0119 z wieloma zespo\u0142ami <br \/>i instrumentalistami europejskiej sceny muzycznej. <br \/>Z powodzeniem prowadzi warsztaty nauki \u015bpiewu dla dzieci, m\u0142odzie\u017cy i doros\u0142ych. G\u0142os, u\u015bmiech i naturalna sceniczna osobowo\u015b\u0107 Olgi potrafi\u0105 oczarowa\u0107 ka\u017cdego s\u0142uchacza. Wie, jak stworzy\u0107 na scenie wyj\u0105tkowy, intymny klimat, lecz nieobce s\u0105 jej te\u017c mocne, rockowe d\u017awi\u0119ki. \u015awietny kontakt z publiczno\u015bci\u0105 i wyj\u0105tkowa charyzma sceniczna sprawiaj\u0105, \u017ce koncerty Olgi Barej przeradzaj\u0105 si\u0119 <br \/>w interaktywne spektakle, w kt\u00f3rych ka\u017cdy widz mo\u017ce wzi\u0105\u0107 czynny udzia\u0142.<\/p><p>Prywatnie Olga jest pasjonatk\u0105 podr\u00f3\u017cy i muzyki latynoskiej. Uwielbia brazylijsk\u0105 muzyk\u0119, bossa nov\u0119 i soul \u2013 od Raya Charlesa i Curtisa Mayfielda po Angie Stone. W\u015br\u00f3d polskich wykonawc\u00f3w ceni Ann\u0119 Mari\u0119 Jopek, Kayah i Maryl\u0119 Rodowicz. Udzia\u0142 w projekcie Astrolabe jest dla Olgi muzyczn\u0105 podr\u00f3\u017c\u0105 do wybrze\u017cy Portugalii.<\/p>\t\t\t\t\t\t\t\t<\/div>\n\t\t\t\t<\/div>\n\t\t\t\t\t<\/div>\n\t\t<\/div>\n\t\t\t\t\t<\/div>\n\t\t<\/section>\n\t\t\t\t<\/div>\n\t\t","protected":false},"excerpt":{"rendered":"<p>Olga Barej Olga Barej &#8211; wokalistka, aktorka Telewizji Polskiej, autorka publikacji muzycznej \u201ePolskie Ko\u0142ysanki\u201d. Absolwentka Szko\u0142y Wokalnej im. Jerzego Wasowskiego na wydziale Jazz i Muzyka Estradowa. Finalistka program\u00f3w muzycznych, takich jak \u201eSzansa na Sukces\u201d, \u201eX Factor\u201d, \u201eThe Voice of Poland\u201d, zdobywczyni nagrody w konkursie &#8222;Piosenka jest Dobra na Wszystko&#8221;, laureatka konkursu piosenki \u201eStacja Kutno\u201d, laureatka Mi\u0119dzynarodowego Festiwalu Piosenki Polskiej &#8222;Malwy&#8221;&#8230;.<\/p>\n","protected":false},"author":1,"featured_media":0,"parent":707,"menu_order":0,"comment_status":"closed","ping_status":"closed","template":"","meta":{"footnotes":""},"class_list":["post-3106","page","type-page","status-publish","hentry"],"acf":[],"_links":{"self":[{"href":"https:\/\/astrolabe.band\/index.php\/wp-json\/wp\/v2\/pages\/3106","targetHints":{"allow":["GET"]}}],"collection":[{"href":"https:\/\/astrolabe.band\/index.php\/wp-json\/wp\/v2\/pages"}],"about":[{"href":"https:\/\/astrolabe.band\/index.php\/wp-json\/wp\/v2\/types\/page"}],"author":[{"embeddable":true,"href":"https:\/\/astrolabe.band\/index.php\/wp-json\/wp\/v2\/users\/1"}],"replies":[{"embeddable":true,"href":"https:\/\/astrolabe.band\/index.php\/wp-json\/wp\/v2\/comments?post=3106"}],"version-history":[{"count":55,"href":"https:\/\/astrolabe.band\/index.php\/wp-json\/wp\/v2\/pages\/3106\/revisions"}],"predecessor-version":[{"id":3394,"href":"https:\/\/astrolabe.band\/index.php\/wp-json\/wp\/v2\/pages\/3106\/revisions\/3394"}],"up":[{"embeddable":true,"href":"https:\/\/astrolabe.band\/index.php\/wp-json\/wp\/v2\/pages\/707"}],"wp:attachment":[{"href":"https:\/\/astrolabe.band\/index.php\/wp-json\/wp\/v2\/media?parent=3106"}],"curies":[{"name":"wp","href":"https:\/\/api.w.org\/{rel}","templated":true}]}}